d by 9.
4
Let q be ((-49)/(-14))/((-2)/4). Let d(b) = -b**2 - 5*b + 8. Let j be d(q). What is the remainder when (9/j)/((-9)/120) is divided by 6?
2
Let o(f) = 54*f - 30. Let i = 913 + -881. What is the remainder when o(7) is divided by i?
28
Let x be (1 + (-9)/6)*-6. Let s(b) = -b**2 + 4*b - 6. Let j be s(x). Calculate the remainder when 94 is divided by 12 - (-5 - j/1).
10
Suppose -108*r + 112*r + 2359 = 5*g, -2*r - 467 = -g. What is the remainder when g is divided by 12?
7
Suppose -90*n - 112*n = -1616. Calculate the remainder when 1006 is divided by n.
6
Suppose -224 = 55*t - 53*t. Let w = t - -131. Calculate the remainder when 128 is divided by w.
14
Let v = 802 + -697. Suppose c + 0*c - 10 = -2*l, 3*c + 24 = 3*l. Suppose -i = -l*i + v. Calculate the remainder when i is divided by 8.
5
Let z be (-252)/1134 + (1 - 1901/(-9)). Let h = z + -192. Calculate the remainder when 158 is divided by h.
18
Suppose -5*l + 0*l + 20 = 0. Suppose 0 = t - l*n + 18, -4*n = -2*t - 7*n + 8. Let f = 10 + t. Calculate the remainder when 17 is divided by f.
1
Suppose 15*j + 9 = 16*j. Let l be ((-6)/(-6))/(j/(-6) + 1). What is the remainder when 130 is divided by (l - 141/(-4)) + 5/(-20)?
31
Let f(m) = 4*m**2 - 41*m + 20. Let q be f(10). Suppose -5*t = -q*t + 1285. What is the remainder when t is divided by 26?
23
Suppose -59*t + 2510 + 1678 = -2184. Calculate the remainder when 1723 is divided by t.
103
Let a(g) = -1046*g + 4509. Calculate the remainder when a(4) is divided by 258.
67
What is the remainder when 4250 is divided by 11/(18183/38133) + 2/(-29)?
18
Suppose 80*g = 76*g + 1020. Suppose 0 = 2*w - 4, -2*o + 0*w = -w - 38. Calculate the remainder when g is divided by o.
15
Let h = 6793 + -6727. Calculate the remainder when 521 is divided by h.
59
Suppose -x + 4*g - 6 - 4 = 0, -3 = -3*x + g. Suppose x*i + 452 = 3*f, 4*f - i = 5*f - 144. Calculate the remainder when f is divided by 15.
13
Suppose 3*t + 3*j = 561, 4*j = t - 194 + 17. Suppose 29 - t = -3*n. Let r = 610 - 300. Calculate the remainder when r is divided by n.
50
Suppose -3*k = g - 335, -1 = g - 6. What is the remainder when k is divided by 93 + -10 - (37 - 13)?
51
Suppose 0 = -100*w + 45*w + 3513 + 5177. Calculate the remainder when w is divided by 41.
35
Suppose 4*w - 5*z = 126, -z - 22 = -3*w + 78. Suppose -7*c + 4*c + 60 = 0. Let j = c - 13. What is the remainder when w is divided by j?
6
Let b = 103 - -67. Suppose -2*l = 4*a + b, 134 = -4*l - a - 227. What is the remainder when 1*4 + (-19 - l) is divided by 16?
12
Suppose 0 = -u - 3*g + 17, -98 + 30 = -5*u + 2*g. Suppose 3*i + w = 453, -u*i + 13*i - 5*w = -151. Calculate the remainder when i is divided by 58.
35
Let i = -2871 + 5105. Calculate the remainder when i is divided by 14.
8
Let j(p) = 415*p - 504. What is the remainder when j(2) is divided by 76?
22
Let r = -194 + 280. Suppose -840 = 21*p - 49*p. Calculate the remainder when r is divided by p.
26
Let k = 8821 - 6031. What is the remainder when k is divided by 22?
18
Suppose 0*o - 48 = -4*o. Suppose -2*y + o = 2. Suppose 118 = y*z - 7. Calculate the remainder when 96 is divided by z.
21
Suppose -297 = 2*r + 70*x - 67*x, 4*r + 5*x + 599 = 0. Let l = r + 407. Calculate the remainder when l is divided by 85.
81
Let w(m) = 2*m - 7. Let l be w(7). Suppose l*r + 122 = -263. What is the remainder when (4671/(-33))/(-3) - (-10)/r is divided by 24?
23
Let l = 12999 - 11974. What is the remainder when l is divided by 24?
17
Let y = 115 - -150. Suppose 3*n + 103 = -3*d + 4*d, 3*d = -2*n + y. What is the remainder when d is divided by 23?
22
Let x(a) = -2*a**2 - 25*a - 26. Suppose -3*r - 2*b = 2*b + 7, 0 = 4*r - 4*b + 56. What is the remainder when 141 is divided by x(r)?
30
Calculate the remainder when 2865 is divided by 1*1/(-1)*(-11492)/68.
161
Suppose -9193 = -24*z - 4450 + 17097. Calculate the remainder when z is divided by 23.
13
Suppose -3*s + 35 = -5*k, s + 4*k = -k + 5. Suppose 2333*a - 425*a - 17072 - 15364 = 0. What is the remainder when a is divided by s?
7
Let g(v) = 226*v - 190. Calculate the remainder when g(1) is divided by 14.
8
Let q(y) = -661*y + 1056. Calculate the remainder when q(-4) is divided by 13.
8
Let d(g) = 12*g**2 - 303*g - 243. What is the remainder when d(42) is divided by 41?
40
Suppose 32*h - 19173 + 3525 = 0. Calculate the remainder when h is divided by 12.
9
Let b be 6/(165/(-44)*(-2)/(-5)). Let m(f) = f + 6. Let s be m(b). Suppose p - x - 6 = 0, -4 = s*p - 4*x - 8. Calculate the remainder when 43 is divided by p.
3
Suppose -5*t + 5*m + 155 = -0*m, -108 = -4*t - 4*m. Let y = 42 - t. Suppose 0 = y*d - d - 1008. Calculate the remainder when d is divided by 29.
26
Let g = 183 - 150. Let a = -56 - -65. Calculate the remainder when g is divided by a.
6
Suppose 0 = -2*d + 4*a + 2910, 0*d - 2*d - 4*a = -2934. Let l = -938 + d. What is the remainder when l is divided by 21?
19
Suppose 0 = 4*u + 2*j - 168, -u - 4*j - 4 + 53 = 0. Let r(i) = -i + 3. Let z be r(3). Suppose z = 2*n + n - 27. Calculate the remainder when u is divided by n.
5
Let k = 3401 - 3339. Let y(h) = -3*h**3 - h**2 - h. Calculate the remainder when k is divided by y(-2).
18
Let a be 1*(16 + -6)*1. What is the remainder when 103 is divided by (9/(-5) - -7)*a?
51
Let z = -121 + 202. Suppose 20 = -4*d + 6*d. Suppose 0 = -3*i + d*i - 98. Calculate the remainder when z is divided by i.
11
Let n = 2040 + -1323. What is the remainder when n is divided by 35?
17
Suppose -39*k + 80*k + 20640 = 73*k. Calculate the remainder when k is divided by 59.
55
Let f(p) = p**3 + 6*p**2 + 10*p + 161. Calculate the remainder when 1211 is divided by f(-7).
35
Suppose 66*d - 13289 = -59*d + 28*d. Suppose y + y - 4*h - 84 = 0, -4*y = -4*h - 156. Calculate the remainder when d is divided by y.
29
Let k(b) = 9*b + 8. Let r be k(2). Suppose 0 = w - f - r, 2*w - w - 20 = -5*f. Let o = 36 - 22. What is the remainder when w is divided by o?
11
Suppose 109 = 17*x + 24. Let b be 8/28 - (-19)/7. Suppose x*o = -3*q + 255, -4*o + b*q + 81 = -2*o. What is the remainder when o is divided by 17?
14
Let c(m) = 18*m - 29. Let x be c(9). Let v = x - 72. Let i = -529 + 546. What is the remainder when v is divided by i?
10
Let l be (-1)/8*-8*-10. Calculate the remainder when (-10)/(-8) - (-172)/(-32)*l is divided by 16.
7
Let r = 1627 + -1626. Suppose -2*k = 3*k - 160. Calculate the remainder when (91 - -3) + (r + 0)/(-1) is divided by k.
29
Let c(p) = p**2 + 22*p + 131. Let i be c(-16). Suppose 10 + 5 = 5*n. Suppose 0 = n*z - 5*a - i, -a + 1 = z - 0*a. What is the remainder when 14 is divided by z?
4
Let p = 165 + -163. Suppose 299 = p*i + 73. What is the remainder when i is divided by 23?
21
Let n(d) = -61*d + 10. Calculate the remainder when 342 is divided by n(-1).
58
Let g = -39 - -55. Suppose 0 = -2*b - 10, g = 4*c - 5*b - 37. Let s(r) = -9*r - 56. What is the remainder when s(-8) is divided by c?
2
What is the remainder when 3344 is divided by -279*7*38/(-399)?
182
Let b(l) = -7*l + 50. Let y be b(7). Suppose -44 = -4*w - 2*a - 2*a, w = -5*a - y. Calculate the remainder when 136 is divided by w.
10
Let d = 15 - 10. Let n(t) = -5 - t**2 + 2*t - 11*t - 26 - d*t. What is the remainder when 87 is divided by n(-7)?
15
Suppose 125 = -3*o - 184. Let h = o + 119. What is the remainder when 93 is divided by h?
13
Let k = 404 - 398. Let a(d) = d**2 + 3*d + 4. What is the remainder when a(k) is divided by -24*2/(-3 + -1)?
10
Let p = 27 - 20. Let l(w) = 8*w - 15. What is the remainder when 163 is divided by l(p)?
40
Let r(n) = -12*n - 67. Let q(o) = o**3 + 7*o**2 + 2*o + 7. Let t be q(-7). Let s(g) = g**2 + g + 3. What is the remainder when r(t) is divided by s(-3)?
8
Let l(a) = -153*a + 2641. Calculate the remainder when 332 is divided by l(17).
12
Let p = -833 + 1099. Calculate the remainder when 881 is divided by p.
83
Suppose -4*n + 2*u + 143 = -75, 0 = 4*n + 3*u - 193. What is the remainder when 183 is divided by n?
27
Let g(x) = x**3 + 6*x**2 + 5*x + 2. Let f(o) = 5*o + 13. Let y = 598 - 591. What is the remainder when f(y) is divided by g(-3)?
6
Let g = 11240 + -11221. Calculate the remainder when (-9)/4*1488/(-18) is divided by g.
15
Suppose -2*h + 6*h = -452. Let k = -12 - h. Let n = k - 71. Calculate the remainder when 56 is divided